**2 - 12*j - 10. Calculate the remainder when 261 is divided by v(8).
19
Let l = -31439 + 31464. Suppose 3*r - 58 = -r + 2*s, 0 = 2*s - 2. Calculate the remainder when l is divided by r.
10
Let x(l) be the third derivative of l**6/120 - l**5/20 - l**4/3 - 7*l**3/6 - 17*l**2. What is the remainder when x(5) is divided by 2?
1
Let t = -416 + 461. What is the remainder when 131 is divided by t?
41
Let s = 53 + -50. Suppose 2*q + s*w - 3 = 4*q, -4 = q - 2*w. Calculate the remainder when 16 is divided by q.
4
Let r = 27 - 25. Suppose r*o - 102 = -a, 9*o + 159 = 2*a + 4*o. Calculate the remainder when a is divided by 24.
20
Let l(g) = -g**2 - 11*g + 7. What is the remainder when l(-5) is divided by 7866/391 + 2/(-17)?
17
Let z(l) = l**3 - 18*l**2 - 15*l + 916. Suppose -5*y + 0*y - a + 475 = 0, -3*y - a + 285 = 0. What is the remainder when y is divided by z(15)?
15
Let c = -285 + 371. Calculate the remainder when c is divided by 31.
24
Suppose 3*n = -2*n + 15. What is the remainder when 3/12*n*172 + 3 is divided by 34?
30
Suppose 2*l + 2*a = 8, 4*l + 5*a + 1 = 14. Let z(b) = 13*b - 22. What is the remainder when z(l) is divided by 12?
9
Let a(d) = 6*d**3 - 2*d**2 - 5*d + 8. Suppose -103 = -5*x - 8. Let w = -6 + x. What is the remainder when a(2) is divided by w?
12
Let g(s) = 22*s + 31. What is the remainder when g(6) is divided by 28?
23
Suppose -5*d - 15 = -4*q + 33, -4*d - 24 = -2*q. Suppose -v - 1004 = -5*v. Calculate the remainder when v is divided by q.
11
Let w(h) = -h**3 - 4*h**2 + 6*h - 4. Let n be w(-6). Suppose 6*q = -4*m + 2*q + 32, -4*m + n = 3*q. Calculate the remainder when 12 is divided by m.
4
Suppose 2*m - 16 = -2*b, 2*m - 14 = -3*b - 0*b. Suppose 226 = 8*y - 86. Calculate the remainder when y is divided by m.
9
Suppose 2*m + c = -195 + 68, -c - 3 = 0. Let r = -53 - m. Suppose 0 = -4*u + 8 + 88. What is the remainder when u is divided by r?
6
Let b = -99 - -165. What is the remainder when 1186 is divided by b?
64
Suppose 16*h = 22*h - 786. What is the remainder when h is divided by 30?
11
Let q = 379 + -208. Suppose -176*a = -q*a - 660. What is the remainder when a is divided by 45?
42
Suppose -5*t = -x + 101, -3*t = -4*t. Calculate the remainder when 298 is divided by x.
96
Let i = -342 - -556. Let v = -117 + i. What is the remainder when v is divided by 28?
13
Let k = 27 + 4. Let b be 8 - (1 + 3 + -1). Suppose 0 = b*t - 9 - k. Calculate the remainder when 22 is divided by t.
6
Let z(q) = 4*q**2 - 2. Let o be z(-1). Suppose o*w + 2*l - 28 = 0, 0 = -5*w - 3*l + 39 + 25. Calculate the remainder when 35 is divided by w.
2
Suppose 2*f = -12*q + 10*q + 142, -2*f + 138 = 4*q. What is the remainder when 2188 is divided by f?
71
Let t = 17 - 11. Suppose 3*r - 48 - t = 0. What is the remainder when 35 is divided by r?
17
Let a be 18/4 + 3/(-2). Suppose -24 = -3*q + 2*o - o, a*q + 3*o = 24. Calculate the remainder when 46 is divided by q.
6
Suppose 2 + 14 = 4*k. Let b = -13 + k. What is the remainder when (b/18)/((-1)/36) is divided by 7?
4
What is the remainder when 239 is divided by 2/3 - 966/(-63)?
15
Suppose 0 = -4*d + 94 + 22. What is the remainder when 84 is divided by d?
26
Let q = 1056 + -854. What is the remainder when q is divided by 41?
38
Suppose 1 = 4*q - 3. Suppose 3*j = 8 + q, j = -5*t + 28. Let b(k) = -3*k - 5. Calculate the remainder when b(-6) is divided by t.
3
Calculate the remainder when 36 is divided by (7 + (-116)/8)*-2.
6
Suppose 0 = 6*m - 8*m + 42. What is the remainder when 62 is divided by m?
20
Suppose 3*n + 3 = 6*n. Suppose 4*m = 2*u - 33 - n, 2*u = -3*m + 69. Calculate the remainder when 1371/u - 4/(-18) is divided by 18.
15
Suppose 10*m = -3*f + 5*m + 298, 4*m = -5*f + 514. Calculate the remainder when f is divided by 12.
10
Suppose 360 = 23*a - 18*a. What is the remainder when a is divided by 15?
12
Suppose -9*w = -22*w + 78. What is the remainder when w is divided by 4?
2
Let z = -620 + 669. Calculate the remainder when 535 is divided by z.
45
Let x = -1 - -102. Suppose -5*b + x = 2*p + 21, -3*b + 5*p + 17 = 0. Calculate the remainder when (-8)/36 + 5848/153 is divided by b.
10
Let i(r) = -128*r - 92. What is the remainder when i(-1) is divided by 7?
1
Suppose z - 4*c = 133 + 67, 2*z = -2*c + 360. Calculate the remainder when z is divided by 95.
89
Suppose 21 - 13 = a. Let g = 3 - 5. Let z = 25 + g. Calculate the remainder when z is divided by a.
7
Let c(b) = 4*b**2 - 2*b - 1. Let j be c(2). Let r = j - -4. Calculate the remainder when r is divided by 4.
3
Suppose 7*d = 3*d, -l - 2*d + 11 = 0. What is the remainder when 105 is divided by l?
6
Suppose -2*p + 96 = 4. Let j = -80 - -147. Suppose g - 23 = -5*z + 8, 4*g = -z + j. What is the remainder when p is divided by g?
14
Let a(m) = 32*m + 5. Suppose -7 = h - 10. What is the remainder when a(h) is divided by 34?
33
Let s(j) = 3 + 10*j - 10 - 7*j. Calculate the remainder when s(4) is divided by 3.
2
Let j be 201/(-15) - (-2)/5. Let s = -5 - j. Calculate the remainder when ((-36)/2 + 4)*-1 is divided by s.
6
Suppose -504 = -145*h + 117*h. What is the remainder when 113 is divided by h?
5
Suppose y - 24 = -2*y. Let z(q) = -2*q**3 - q**2 - 3*q + 3. Calculate the remainder when z(-2) is divided by y.
5
Let d(c) = 4*c + 17. Let p be d(-4). Suppose 3*g - 4 = -4*u - g, 5*g + p = -3*u. What is the remainder when 5 - (1 + (-4)/2) is divided by u?
0
Suppose -6 = -2*o - 4. Let y(q) = 1 + 25*q - o. Calculate the remainder when y(1) is divided by 14.
11
Let y(w) = -15*w - 2. Suppose -f - 15 = -4*f. Suppose -2*t - 9 = -k, -3*k - 11 + 5 = f*t. Calculate the remainder when y(t) is divided by 11.
10
Let u(h) = 3*h - 1. What is the remainder when 147 is divided by u(17)?
47
Calculate the remainder when 7 + (-3 - 1) + 162 + -1 is divided by 84.
80
Let s(d) = d - 1. Let p be s(-4). Calculate the remainder when p + 3 + (-2 + 12 - 0) is divided by 5.
3
Suppose 7*h = -s + 3*h + 91, -301 = -4*s + 5*h. Calculate the remainder when s is divided by 37.
5
Let c(l) = 3*l**2 + 79*l - 48. Calculate the remainder when 232 is divided by c(-27).
4
What is the remainder when 48 is divided by 33 + (-24)/(-9)*(-18)/(-8)?
9
Suppose -2*k = 2*a + a - 22, 0 = -3*a + 12. Suppose -2*i - 4 + 43 = -3*u, -4*u = k*i - 63. Calculate the remainder when (-5)/i*3*-65 is divided by 22.
21
Suppose -1579 = -4*w + 5*p, 440 = 4*w - 2*p - 1130. Calculate the remainder when w is divided by 80.
71
Let p = 19 + -19. Suppose p*v + 106 = 2*v - 4*x, -221 = -4*v - x. Suppose 3*w - 5*w = -38. Calculate the remainder when v is divided by w.
17
Let t = 32 + -28. Suppose -2*n - 4*y + 97 = -y, y = -t*n + 199. Let l = 81 - n. Calculate the remainder when 60 is divided by l.
29
Suppose -25*x = -76*x + 17289. Calculate the remainder when x is divided by 68.
67
Let z(s) = -s**3 - 2*s**2 + 65*s - 7. Suppose -43 = -3*m + 56. Calculate the remainder when m is divided by z(7).
5
Let u(x) = 4*x**2 - 3*x + 4. Let r(l) = 24*l**3 - 2*l + 2. Calculate the remainder when r(1) is divided by u(2).
10
Let z = -39 + 47. Let i = 19 - z. Calculate the remainder when 54 is divided by i.
10
Suppose 4*x - k - 947 = -205, -5*k - 195 = -x. Suppose 10*w = x + 255. What is the remainder when w is divided by 15?
14
Let n = -461 + 500. Calculate the remainder when 98 is divided by n.
20
Suppose y - 1 = 3*x - 5, 0 = -2*x + 4*y + 6. Let w(i) = 15*i**2 - i. Suppose 25 = -4*k + 245. What is the remainder when k is divided by w(x)?
13
Suppose -3*x = -36*x + 330. Calculate the remainder when 129 is divided by x.
9
Calculate the remainder when (-76 - 4)*((-36)/15)/3 is divided by 4 - 52/(-6 - -2).
13
Calculate the remainder when 561 is divided by (54 + -55)/((-2)/94).
44
Let b(o) = 2*o**2 + 2*o - 7. Let u be b(-3). Suppose -17 = -u*r + 43. Calculate the remainder when 33 is divided by r.
9
Suppose 0 = 22*w - 937 - 163. What is the remainder when w is divided by 41?
9
Let q(j) = -4*j - 8. Suppose 30*u + 1015 = 65*u. Calculate the remainder when u is divided by q(-6).
13
Suppose -p + 5*m + 185 = 0, -969 = 56*p - 61*p + 3*m. What is the remainder when p is divided by 44?
19
Suppose 16*l - 13 = 115. What is the remainder when 146 is divided by l?
2
Let t be 2/((3/(-15))/((-328)/(-20))). Let o = -62 - t. What is the remainder when o is divided by 26?
24
Suppose